{"id":2,"date":"2025-10-09T18:42:32","date_gmt":"2025-10-09T18:42:32","guid":{"rendered":"http:\/\/motodario.pl\/?page_id=2"},"modified":"2025-11-08T17:34:29","modified_gmt":"2025-11-08T17:34:29","slug":"sample-page","status":"publish","type":"page","link":"https:\/\/motodario.pl\/?page_id=2","title":{"rendered":"Potrzeba i jej rozwi\u0105zanie"},"content":{"rendered":"\n<p>Pomys\u0142 na doradztwo zakupowe narodzi\u0142 si\u0119 z obserwacji rzeczywisto\u015bci. Widzia\u0142em wielu zagubionych kupuj\u0105cych kt\u00f3rym doradza\u0142y przypadkowe osoby lub co gorsza &#8222;znawcy&#8221; staraj\u0105cy si\u0119 wykaza\u0107 czepiaj\u0105c si\u0119 nieistotnych rzeczy i buduj\u0105c atmosfer\u0119 tajemnicy i zagro\u017cenia.<\/p>\n\n\n\n<blockquote class=\"wp-block-quote is-layout-flow wp-block-quote-is-layout-flow\">\n<p>Chcemy dostarczy\u0107 Wam realnego wsparcia przy zakupie pojazdu nie za\u015b pr\u00f3buj\u0105c zrobi\u0107 wra\u017cenie d\u0142ug\u0105 list\u0105 wykrytych nieistotnych rzeczy.<\/p>\n<\/blockquote>\n\n\n\n<p>Nie jest istotne jakim bud\u017cetem dysponujesz na zakup. Mo\u017ce szukasz ciekawego joungtimera a mo\u017ce po prostu czego\u015b co bezpiecznie zawiezie ci\u0119 na drugi koniec Europy, czy po prostu na zakupy i do pracy.<\/p>\n\n\n\n<blockquote class=\"wp-block-quote is-layout-flow wp-block-quote-is-layout-flow\">\n<p>Masz pieni\u0105dze i pomys\u0142 kt\u00f3ry chcesz zrealizowa\u0107, sam Wiesz czego ci trzeba. Czasem naprawd\u0119 warto by jednak by\u0142 kto\u015b przy Tobie kto emocje zostawi\u0142 w domu.<\/p>\n<\/blockquote>\n\n\n\n<p>Tylko tyle i a\u017c tyle. Nie tworzymy sztucznej potrzeby a staramy si\u0119 rozwi\u0105za\u0107 realny problem z kt\u00f3rym boryka si\u0119 ka\u017cdy kupuj\u0105cy. Uwierzy\u0107 sobie? Dobremu koledze? Czy mo\u017ce jednak komu\u015b kto si\u0119 faktycznie zna? Zdecydujesz sam a rozwi\u0105zanie jest na wyci\u0105gni\u0119cie r\u0119ki.<\/p>\n","protected":false},"excerpt":{"rendered":"<p>Pomys\u0142 na doradztwo zakupowe narodzi\u0142 si\u0119 z obserwacji rzeczywisto\u015bci. Widzia\u0142em wielu zagubionych kupuj\u0105cych kt\u00f3rym doradza\u0142y przypadkowe osoby lub co gorsza &#8222;znawcy&#8221; staraj\u0105cy si\u0119 wykaza\u0107 czepiaj\u0105c si\u0119 nieistotnych rzeczy i buduj\u0105c atmosfer\u0119 tajemnicy i zagro\u017cenia. Chcemy dostarczy\u0107 Wam realnego wsparcia przy zakupie pojazdu nie za\u015b pr\u00f3buj\u0105c zrobi\u0107 wra\u017cenie d\u0142ug\u0105 list\u0105 wykrytych nieistotnych rzeczy. Nie jest istotne [&hellip;]<\/p>\n","protected":false},"author":1,"featured_media":0,"parent":0,"menu_order":0,"comment_status":"closed","ping_status":"open","template":"","meta":{"footnotes":""},"class_list":["post-2","page","type-page","status-publish","hentry"],"_links":{"self":[{"href":"https:\/\/motodario.pl\/index.php?rest_route=\/wp\/v2\/pages\/2","targetHints":{"allow":["GET"]}}],"collection":[{"href":"https:\/\/motodario.pl\/index.php?rest_route=\/wp\/v2\/pages"}],"about":[{"href":"https:\/\/motodario.pl\/index.php?rest_route=\/wp\/v2\/types\/page"}],"author":[{"embeddable":true,"href":"https:\/\/motodario.pl\/index.php?rest_route=\/wp\/v2\/users\/1"}],"replies":[{"embeddable":true,"href":"https:\/\/motodario.pl\/index.php?rest_route=%2Fwp%2Fv2%2Fcomments&post=2"}],"version-history":[{"count":2,"href":"https:\/\/motodario.pl\/index.php?rest_route=\/wp\/v2\/pages\/2\/revisions"}],"predecessor-version":[{"id":27,"href":"https:\/\/motodario.pl\/index.php?rest_route=\/wp\/v2\/pages\/2\/revisions\/27"}],"wp:attachment":[{"href":"https:\/\/motodario.pl\/index.php?rest_route=%2Fwp%2Fv2%2Fmedia&parent=2"}],"curies":[{"name":"wp","href":"https:\/\/api.w.org\/{rel}","templated":true}]}}